, 8*r + 572 = 4*n + 4*r. What is the hundreds digit of n?
1
Let i be (3 - 1)/(1/(-4)). What is the units digit of i/44 - 1069/(-11)?
7
Suppose 6969 = 14*t - 2971. What is the units digit of t?
0
Suppose -4*y - 164 = -10*q + 6*q, -188 = -4*q - 2*y. What is the units digit of q?
5
Let q be 2 + (-1*2)/1. Let g = -114 + 126. Suppose n - 45 - g = q. What is the tens digit of n?
5
Let s(p) = -2*p**3 - 17*p**2 - 8*p + 34. What is the tens digit of s(-12)?
3
Let y = 35 - 62. Let z = y + 57. Suppose -5*k + z + 15 = 0. What is the units digit of k?
9
Let n be (6 - 1)/(2/(-32)). Let l be (-1)/7 - n/(-28). Let k = l + 14. What is the units digit of k?
1
Let t(z) = -z + 55. Let o(r) = -11*r - 6. Let x be o(-2). What is the units digit of t(x)?
9
Let s = -1139 - -1744. What is the hundreds digit of s?
6
Let f(r) = 205*r**2 + 6*r - 18. What is the thousands digit of f(-4)?
3
Let b = 511 + -328. Suppose 0 = 3*c - 138 - b. What is the units digit of c?
7
Let o = -19 + 32. Let p = o + 5. What is the tens digit of p?
1
Let y(h) = h**3 + h**2 - 2*h. Let j be y(-2). Suppose -b - 5*g + 45 = j, 5*g = -5*b + 310 - 45. What is the units digit of b?
5
Suppose -11 = 3*z + 1, -3840 = -5*a + 5*z. What is the tens digit of a?
6
Let m = 820 + -425. What is the hundreds digit of m?
3
Suppose -3*w + 42 = 3*w. Let m(a) = a**2 + 5*a - 10. What is the tens digit of m(w)?
7
Suppose -5*p + 22 - 2 = 0. Suppose -p*k + 12 = 76. What is the units digit of 3 + (-2 - -2) - k?
9
Suppose 12 = -i - 2*a, -2*i - 3*a - 31 + 8 = 0. Let g be 6*i*(-9)/3. Suppose -g = -6*z + z. What is the tens digit of z?
3
Suppose 110 = -7*y + 5*y. What is the tens digit of y/(-1) + (-4)/2?
5
Suppose -7*u = 208 - 768. What is the tens digit of u?
8
Suppose 73 = 5*l - 4*g + 8, -5*l + 65 = g. Let t(z) = 2*z - 19. Let h be t(l). Suppose -65 = 2*c - h*c. What is the units digit of c?
3
Suppose k + 4*k = 30. What is the tens digit of ((-1)/(-2))/(k/288)?
2
Let w be 12/(-42) + (-640)/14. Let i be (0 + -3)/3 - w. Suppose 3*s - 5*p = -2*p + i, 5*s = 3*p + 73. What is the units digit of s?
4
Let v(r) = -167 + r**2 + 83 + 94. What is the tens digit of v(-9)?
9
Let u(o) = -7*o**3 - 6*o**2 + 4*o + 4. What is the units digit of u(-4)?
0
Let n(j) = 28*j**2 + 2*j - 21. What is the units digit of n(5)?
9
Suppose 12*b = -4*b + 7632. What is the units digit of b?
7
Suppose -p - 5*x - 16 = 1, 4*x = -8. Let m = p + 6. What is the units digit of (m - -2)/((-3)/(-12))?
4
Let u(t) = 270*t + 571. What is the thousands digit of u(18)?
5
Suppose -3*p = -4*p - 4*g + 921, 5*g = 3*p - 2763. What is the hundreds digit of p?
9
Suppose 0 = 63*i - 51*i - 5616. What is the units digit of i?
8
Let h(c) = c + 3*c + 4 - 7*c + c**2. Let x be h(2). Suppose -4*o + 136 = -3*m, -3*o + 4*o + x*m = 23. What is the units digit of o?
1
What is the tens digit of (-102277)/(-285) + (-2)/(-15)?
5
Suppose -644*j - 550 = -654*j. What is the units digit of j?
5
Let v(m) = -m**2 + 3*m + 3. Let x be v(3). Suppose 2*b = -8, 12 = 2*q + 2*b + x*b. Let j = -9 + q. What is the units digit of j?
7
Let k(y) = 8*y + 10. Let f be k(-5). What is the units digit of (-144)/f + 2/10?
5
Let g = 461 + -244. Suppose 5*x = 23 + g. What is the units digit of x?
8
Let q(h) = 5*h - 15. Let v be q(3). Suppose -5*b + 358 = t, b = -v*b - 2*t + 77. What is the units digit of b?
1
Let v(d) = 77*d - 6. Let b be v(3). Suppose w + 2*l = -w - 150, b = -3*w - 4*l. Let h = -51 - w. What is the units digit of h?
4
Let v = 2554 + -1798. What is the hundreds digit of v?
7
Let k(o) = 170*o - 5. Let a be k(1). Suppose -823 = -5*l + 3*p, -161 = -2*l - 2*p + a. What is the hundreds digit of l?
1
Suppose -l + 16 = 5*w, -l = -3*w - 4*l. Suppose 4 = 2*a - w. Suppose -2*b + a*o = -0*o - 80, 5*b = 5*o + 180. What is the units digit of b?
2
Let z(k) be the third derivative of k**6/20 - k**5/30 - k**4/12 + k**3/3 - 13*k**2. What is the units digit of z(2)?
8
Let t(q) be the third derivative of -q**5/60 - q**4/6 + 5*q**3/6 + 10*q**2. Let w be t(-5). Suppose w = 4*f - 143 + 27. What is the tens digit of f?
2
What is the units digit of (-7656)/(-96) - 6/8?
9
Let l(c) = c**2 - c - 7*c + 3*c - 9*c. What is the hundreds digit of l(21)?
1
Let l(p) = 42*p**2 + 5. What is the tens digit of l(-4)?
7
What is the tens digit of 4212/6 + (2 - 5)?
9
Let u = -169 + 97. Let o = u - -129. What is the units digit of o?
7
Suppose -u = u + 5*g - 9, -4*g = -2*u. Suppose -2*c = 2*o - 30, 2*o - 60 = -u*o + 2*c. What is the units digit of (48/10)/(3/o)?
4
Suppose -11*x = -1336 - 11336. What is the thousands digit of x?
1
Let i(m) = m**2 + 4*m + 14. What is the hundreds digit of i(-15)?
1
Let y = -11 + 5. Let w be ((-8)/y)/(8/30). Suppose -w*x + 2*v - 5 = -3*v, -17 = -x - 5*v. What is the units digit of x?
2
Let o = -1012 - -666. What is the units digit of o/(-3) - (6 + -1)/15?
5
Let o(a) = -a**3 + 9*a**2 - 7*a - 6. Let z be o(8). Let g = 253 - 123. Suppose z*i - g = -3*i. What is the units digit of i?
6
Let h(u) be the second derivative of 2*u**7/105 + u**5/60 - u**4/24 - 5*u**3/6 - 3*u. Let l(r) be the second derivative of h(r). What is the tens digit of l(1)?
1
Let p = -193 - -393. What is the units digit of p?
0
Suppose p = j - 115, -j + p + 2*p = -119. Let m = -77 + j. What is the units digit of m?
6
Let h(f) = f**3 - 4*f**2 + 5. Let v be h(4). Suppose -866 = -2*b - 5*i - 327, v*i - 1385 = -5*b. What is the tens digit of b?
8
Let v = -2 + 5. Suppose -v*n + 14 = u, 3*n + 4*u - 3 = 26. Suppose 95 = n*j - w + 2*w, -5*w = -3*j + 119. What is the tens digit of j?
3
Suppose 5*v + 456 = 8*v + 4*d, 480 = 3*v - 4*d. What is the units digit of v?
6
What is the thousands digit of ((-53)/2)/(-9 - 13255/(-1474))?
3
Let r = 2311 - -2294. What is the tens digit of r?
0
What is the thousands digit of -3*((-4278)/7 + (-144)/168)?
1
Suppose -17 = -5*b - 7. Suppose b*k = -2*m - k - 112, 0 = 2*k - 4. Let f = m + 82. What is the tens digit of f?
2
Let z(g) = 4*g**3 - g**2 - 6*g + 3. Let t(v) = 3*v**3 - 2*v**2 - 6*v + 4. Let p(i) = -3*t(i) + 2*z(i). Let j = 143 + -139. What is the units digit of p(j)?
8
Let l = -37 - -19. What is the units digit of (l/12)/((-9)/42)?
7
Let z(d) = 4*d**2 + d + 19. What is the hundreds digit of z(-8)?
2
Let u(j) = 2*j - 3. Let m be u(2). Let t be -8*(m + (-3)/2). Suppose -p = -2*c - 0 + 96, -t*c = -5*p - 186. What is the tens digit of c?
4
Suppose 117 = 5*k - 213. Suppose -4*d = -k - 26. Let p = d - 12. What is the tens digit of p?
1
Suppose 1150 = g - 5*w, -21*g + 16*g + 5650 = -5*w. What is the units digit of g?
5
Suppose 0 = -3*n - 5*m + 243, 273 = 3*n - 0*n - 5*m. Suppose 7*i = 572 + n. What is the tens digit of i?
9
Let l(p) be the first derivative of -35*p**4/4 + p**2 + p - 2. What is the units digit of l(-1)?
4
Let l(d) = -d**3 + 3*d**2 + 8*d - 5. Let h be l(4). Suppose -b + h + 20 = -2*f, -4*b = 5*f - 111. What is the tens digit of b?
2
Let v = -41 + 346. Suppose n - v = -4*n. What is the units digit of n?
1
Let c(f) = -f**2 + 8*f + 9. Let z(k) = 1. Let t(p) = c(p) - 2*z(p). Let u be t(7). What is the units digit of (2/(-4) + 1)*u?
7
Let f be (-6)/(-36) - 1*3093/(-18). Suppose 4*b = -f + 488. What is the units digit of b?
9
Let x(u) = -22*u - 1. Let z be (-1)/(-3) - (-132)/9. Let n = 14 - z. What is the tens digit of x(n)?
2
Let s = 1066 - 728. Suppose -4*x + 2*x = -s. Suppose -9 = 5*i - x. What is the tens digit of i?
3
Let m = -1916 + 2769. What is the tens digit of m?
5
Let x be 14/21 - 40/6. Let w(h) = -h**3 - 2*h**2 - 5*h - 7. What is the units digit of w(x)?
7
Let h = 15 - 14. Let o be h + 5/(20/(-16)). What is the tens digit of (-34)/6*o + -3?
1
Let h(v) be the first derivative of 3*v + 19/2*v**2 + 8. What is the tens digit of h(2)?
4
Let i = 216 - 138. What is the units digit of i?
8
Let n(b) = 2*b - 9. Let f be n(13). Let d = f - 8. What is the units digit of d/(-18) - 158/(-4)?
9
Suppose -3*x + 28 = 4*x. Suppose 0 = -x*h + 204 + 92. What is the units digit of h?
4
Let f = 50 + -51. What is the units digit of ((-217)/7)/(f - (-4)/6)?
3
Suppose 5*i - 2170 = -4*d, -d - 788 = -4*i + 927. What is the units digit of i?
0
Suppose 5*t + 9*t = 8848. What is the units digit of t?
2
Let c = -91 - -100. Suppose 14*z - c*z = 835. What is the tens digit of z?
6
Let a be (1 + -7)/24 + 49/4. Suppose -1682 = -a*q 